actors of r.
7, 359
Suppose 406 = -c + 2628. Suppose c + 898 = 6*x. What are the prime factors of x?
2, 5, 13
Let h(d) = 32*d**3 - 4*d**2 - 2*d. Let z be h(2). Suppose z = 4*q - 128. List the prime factors of q.
7, 13
List the prime factors of (-23)/(-184) + 144702/16*1.
2, 7, 17, 19
Suppose 5*f + 2 - 5 = 4*l, -f - 3 = l. Let z be -1 - (0/f + -8 - 2). Suppose 0 = -z*k + 7*k + 190. List the prime factors of k.
5, 19
Let v(p) = -8*p**3 - 43*p**2 + 3*p + 15. Let c(y) = 4*y + 82. Let z be c(-22). What are the prime factors of v(z)?
3, 59
Let f(t) = -t + 11 + 8*t + 4*t + 17*t**2 - 1. Suppose -2*r - 16 = 3*l, -l + 5*l + 10 = 3*r. What are the prime factors of f(l)?
2, 7, 17
Let t = 176 + -214. Suppose 141 = -4*b + 397. Let a = t + b. List the prime factors of a.
2, 13
Let m(b) = 59*b**2 - 22*b + 8. Let s(n) = -38*n - 147. Let k be s(-4). List the prime factors of m(k).
1373
Suppose 221*n + 6438 = z + 223*n, 3*n = -z + 6439. What are the prime factors of z?
2, 1609
List the prime factors of (-10 + (-171)/(-9) - 7) + 6073.
3, 5
Let g(d) = -6*d**2 + 16*d - 4. Let w(n) = 5*n**2 - 15*n + 5. Let f(y) = 3*g(y) + 4*w(y). Let x be f(6). Suppose -658 - 134 = -x*p. List the prime factors of p.
3, 11
Suppose -4*w + 4*m + m + 52 = 0, m = 4*w - 52. Suppose -w*i + 1248 = -1690. What are the prime factors of i?
2, 113
Suppose -f = -3*f - 4*s + 2, -4*s - 16 = 0. Let y be ((4 - 3)*f)/(3/2). Suppose 0 = y*v - 10*v + 8. List the prime factors of v.
2
Let c be ((-150)/4)/(-5)*10. Suppose c = -29*w + 30*w. Suppose -i - 4*i + w = 0. What are the prime factors of i?
3, 5
Suppose -20*j + 18*j = -1184. Let i = -166 + j. List the prime factors of i.
2, 3, 71
Suppose -421*m - 48737 = -5*d - 425*m, -5*d - 5*m = -48735. What are the prime factors of d?
9749
Let a = 122 - 125. Suppose -4 = -4*n, -3*n - 43 + 6 = -5*c. List the prime factors of a - 0 - (-136)/c.
2, 7
Let i(u) = 215*u - 239. Suppose -28 - 35 = -9*f. List the prime factors of i(f).
2, 3, 211
Suppose 16*n - 22 = 5*n. Suppose n*h - 3*i - 751 = 0, 5*h + i + 1130 = 8*h. What are the prime factors of h?
13, 29
Suppose 4*t = -4, -l - 2*t + 3357 + 8014 = 0. List the prime factors of l.
3, 17, 223
Let l be -4 + 5/(25/130). Let c(o) = 0 + 11*o**3 - l*o**3 + 6*o**2 + 12*o**3 - 6. List the prime factors of c(4).
2, 7, 11
Let x be 1227/3*(-1 + 2). Suppose -2 = 4*f + 4*g - 5*g, 11 = -3*f - 4*g. List the prime factors of (x - f)/5 + 3.
5, 17
Suppose -924 = -6*c + c + 3*z, 2*z = -2*c + 376. Let a = 9 + -1. Suppose a*h = 6*h + c. What are the prime factors of h?
3, 31
Suppose -9*s + 21482 = -5*s + 2*t, -s + t = -5369. List the prime factors of s.
2, 3, 5, 179
Let w = 58 + -78. Let y be (-6)/((32/w)/4). List the prime factors of y + -1 - (-5)/((-30)/12).
2, 3
Suppose k + 22 = 5*t - 51, 3*t - 2*k = 41. Suppose -265 - 470 = -t*p. List the prime factors of p.
7
Let k(p) = -p**3 - 2*p**2 + 5*p + 11. Let z be k(-3). Suppose -1392 = -z*i + 878. Let x = -283 + i. What are the prime factors of x?
3, 19
Suppose 0 = -4*j - 4*o + 192, j + 195 = 5*j + 5*o. Let t(m) = m**2 - 38*m - 148. List the prime factors of t(j).
167
Suppose -12*r - 18 = -18*r. Suppose -v = r*y - 229, -4*v = -7*y + 6*y - 968. List the prime factors of v.
241
What are the prime factors of (((-15)/(-3))/((-16)/284))/((-2)/280)?
5, 7, 71
Let v be (-4471)/51*(-1 - 29). Let s = v + -1645. List the prime factors of s.
5, 197
Let q(w) = 339*w**2 + 3*w + 19. Let j be q(6). Suppose -5*n - 41361 = -j. What are the prime factors of (-2)/(-9) - n/117?
2, 5
Let z(m) = -6*m + 12. Let s be z(-5). List the prime factors of 12/s + 46/(-14) + 57.
2, 3
Suppose 11*c - 16*c = -10. Suppose 4*x - 4*l + 0 + 4 = 0, -c*x = -l + 5. What are the prime factors of (-2 - x)*(31 + -2)?
2, 29
What are the prime factors of ((-485)/(-1*1/12))/(4209/39284)?
2, 5, 7, 97
Let w be (510/(-80) + 7)*8. Suppose -3*a + p + 4590 = 0, -w*a + 7650 = 7*p - 12*p. List the prime factors of a.
2, 3, 5, 17
Let x(j) = -j**3 + 9*j**2 - 4*j - 2. Let m(a) = -12*a - 2. Let n be m(-3). Suppose 5*f = d + 3, -d + 3*f = -5*d + n. What are the prime factors of x(d)?
2, 17
Suppose -c = 5*v + 1 - 15, -3*c - 2*v = -16. Suppose c*u - 66 = 7*u. List the prime factors of u/66*(0 - 267).
89
Let h = 7578 + -1432. What are the prime factors of h?
2, 7, 439
Let h be (-12)/6 + 2*7/2. Let i(m) = -m**3 + 7*m**2 + m - 3. What are the prime factors of i(h)?
2, 13
Suppose -5*r - u = -231705, r + 3*u - 14928 = 31413. List the prime factors of r.
3, 19, 271
Let w = -3468 - -2025. Let b = w + 2040. List the prime factors of b.
3, 199
Suppose 2*f = -3*f + 5*r + 425, 5*r = -5*f + 445. Let z = f - 88. What are the prime factors of -5 - (z - 61 - 5)?
2, 31
Suppose z - 45 = 6. Let h = z - 88. Let k = -8 - h. What are the prime factors of k?
29
Let w = -251 - -253. Suppose w*i - 41*o - 1276 = -37*o, 4*i - 3*o - 2537 = 0. What are the prime factors of i?
2, 79
Let b be ((-3)/(-5))/(1/25). Let t(c) = 16*c - 93. List the prime factors of t(b).
3, 7
Let v(z) = z**2 - z - 14. Let b be v(4). Let j(y) = 43*y**2 - 4*y + 5. List the prime factors of j(b).
5, 37
Let u(s) = -9*s - 130. Let n be u(-11). Let h(q) = q**3 + 31*q**2 - 26*q - 256. List the prime factors of h(n).
2, 5, 11
Let o = 224 - 217. Suppose o*b + 5*b - 4908 = 0. List the prime factors of b.
409
Let a(i) = 4*i**2 - 4*i - 12. Let m be a(-8). Suppose 83 = 4*t + 4*j - 281, 2*j = -3*t + m. Let p = t + 2. What are the prime factors of p?
2, 3
Let j(p) = -p**3 + p**2 + 5. Suppose 0 = -18*t + 15*t. Let v be j(t). Suppose 0 = 4*g, v*l - 2*g - 9 = 11. What are the prime factors of l?
2
Let a be 54 - ((-4)/1 - 2). Let b = 227 + a. What are the prime factors of b?
7, 41
Let o(w) = -4*w + 146 + w + 0*w. Suppose 166*l - 5*z = 168*l - 5, 0 = -2*l + 2*z - 2. List the prime factors of o(l).
2, 73
Let y(f) = -1 + 66*f - 32*f - f**2 + 2*f**2 - 35*f. Let h be y(-2). Suppose 0 = -m - 4*x + 129, -h*m + 5*x + 586 - 41 = 0. What are the prime factors of m?
113
Suppose -4*v + 50 = 38. Suppose v*d - 295 = 596. Let b = d - 43. What are the prime factors of b?
2, 127
Let j = 5377 + -5028. List the prime factors of j.
349
Let m = -935 + 935. Suppose -2*t - 5*g + 1775 = m, 2*t - 2*g + 886 = 3*t. List the prime factors of t.
2, 5, 11
Suppose -2*u = -23*u - 504. List the prime factors of (3636/(-108))/(1/u).
2, 101
What are the prime factors of ((-100)/30)/((-3)/5987) + 2/(-9)?
2, 1663
Let i = -19 + 12178. List the prime factors of i.
3, 7, 193
Suppose -6*p + 1 = 1. Suppose 4*l - 27 = -5*g, 4*l = g - p*l - 15. Suppose 0 = g*c - 15*c + 960. What are the prime factors of c?
2, 3, 5
What are the prime factors of 1322/6 + ((-88)/(-12))/(-22)?
2, 5, 11
Suppose -16802 = 6*s - 41690. Suppose 13*y - s = -66. List the prime factors of y.
2, 157
Suppose 4*i - 70*b = -73*b + 26577, 0 = -i - 2*b + 6638. List the prime factors of i.
2, 3, 277
Let h(g) = -81*g**2 - 14*g - 11. Let d be h(-7). List the prime factors of d/(-2)*14/(43 + -1).
647
Let x be 4/5*20/8. Suppose 0 = 4*s - x*k - 2654 + 418, -3*s - 4*k + 1666 = 0. What are the prime factors of s?
2, 3, 31
Let s = 9698 - -11169. List the prime factors of s.
7, 11, 271
Suppose 0 = -2*k + 10*v + 34057 + 69155, 3*v = 4*k - 206526. What are the prime factors of k?
2, 3, 13, 331
Let q(v) = 74 - 24*v**2 + 71*v**2 - 5*v - 6*v + 23*v - 4*v. What are the prime factors of q(-6)?
2, 859
Suppose 0 = -4*d + 4*g + 31260, -9*g = -13*g - 24. What are the prime factors of d?
3, 19, 137
Let g(n) = -2*n**2 + 15*n + 44. Let b be g(10). What are the prime factors of (21/b - -4)*(1 - -529)?
5, 53
Let c = 3 + -3. Let d(l) = 765*l**2 - 18*l + 1. Let p be d(1). Suppose c = 13*u - 2*u - p. List the prime factors of u.
2, 17
List the prime factors of (-69 + 19 + 15)*(-892)/2.
2, 5, 7, 223
Let m = 3583 + -2175. Let s = -973 + m. Suppose h - s = -2*h. What are the prime factors of h?
5, 29
Suppose -4*f - v = -6*v + 164, 2*f = -2*v - 64. Let n = -31 - f. Suppose 5*c - n*y = c + 544, 0 = -2*c + 4*y + 272. What are the prime factors of c?
2, 17
Let u(g) = 17*g**3 - 6*g**2 - 10*g + 8. Let d be u(7). Suppose -5*o - 5*q = -10*q - 5475, -2*q + d = 5*o. List the prime factors of o.
3, 5, 73
Suppose i = -2*d - 2*i - 3, -d + 21 = -3*i. List the prime factors of (0 - (-2140)/d) + 6/(-9).
2, 89
Let c(x) = 3014*x**3 - x + 8. What a